.
98
What is (120 - 3) + -4072 + 4031?
76
(-7 - (8 - 7)) + (-105 - -120)
7
Evaluate -98 - (0 - (-24 + 12) - (-17 + 14)).
-113
Calculate -5 + (6 + (-14 - (-13 + -1)) - 5).
-4
What is (63 - (-2 + 1)) + (-42 - (80 - 123))?
65
34 + -11 + -26 - ((-4 - -65) + -3 + -5)
-56
Evaluate (-7 - (-22 + 10)) + (-107 + 57 - (0 + -7)).
-38
What is 75 - 6 - -6 - 146?
-71
Evaluate (-33 - (-2 + 6)) + 42 + -42.
-37
Calculate (-12 - -23) + (2 - -6) + -13.
6
-13 - -15 - (3 + (5 - 13) - (3 + -11))
-1
What is -173 + 195 + 2 + (-4 - 5) + -6?
9
16 - (-16 + (-15 - 5)) - 3
49
Calculate -29 + -9 + -31 + (-10 + 26 - 7).
-60
Calculate (512 + -489 - (-1 - -50)) + 14 + (5 - 9).
-16
What is 52 - 1 - (1 + -2 - (-11 - -15) - -3)?
53
Evaluate (-8234 - -8240) + (-1 + -2 - (-1 + 0)) - 88.
-84
22 - (-5 - 4) - 8
23
Evaluate 19 - (-1 + -8 + -148 + 147).
29
Calculate (-71 - (-96 - -117)) + 87.
-5
What is the value of 14 + (31 + -2 - (394 - 286))?
-65
-2 + -8 + (30 - -29)
49
What is -77 + 117 + -29 + 2 + -58?
-45
What is the value of (-6 - (18 - 12)) + 5 - -3 - -12 - 6?
2
Calculate -109 + 147 + -44 + (-1 + -1 - 12) - 0.
-20
Evaluate -33 - 3 - (3 - (-11 - -4)).
-46
What is the value of -1 - 29 - (44 - 60) - -32?
18
Evaluate (20 - -14) + (-80 - 10).
-56
Evaluate -38 + (-4 - 52) + (273 - 253).
-74
What is 34 - -1 - 16 - (8 + 0) - 3?
8
71 + (58 - 55) + -25
49
What is the value of 189 + -115 + 20 + -66?
28
What is the value of -25 + (25 - -25) - 18 - (16 + -6)?
-3
Calculate 12 - (2 - -2) - (-81 - (4 - 25)).
68
Evaluate 73 - 124 - (-109 + 100).
-42
What is (25 + (17 + -45 - -20) - 4) + -11?
2
What is (66 + -73 - (-3 - -11)) + 32 - -15?
32
Calculate -33 - 4 - (-1961 + 1877).
47
What is the value of (48 + 55 - 47) + -39?
17
Evaluate (-31 - -6 - -38) + (2 - 17) + -46.
-48
14 + (-11 - 2) + -16 - (44 - 41)
-18
2511 + -2484 - (11 + 1)
15
(23 - 75) + 101 - 26
23
What is the value of -2 - (2 - -11) - (68 + -2 - 153)?
72
Calculate -2 + (-3 + -4 - (39 + -15 + -44)).
11
What is the value of -112 - (110 - (-73 + 243))?
-52
Evaluate (9 - -2) + (24 - 56) + 9.
-12
What is the value of -1 - (5 - -8) - (-4 - (0 - 0 - -12))?
2
Calculate (-14 - 34) + -31 + 59.
-20
(18 - 29) + (0 - -1) + -1 - 17
-28
What is (0 + (39 - 29) - -9) + 0?
19
Calculate 28 - (54 + 1 + -16 + -32).
21
Calculate 0 + -19 + 7463 + -7509.
-65
(-56 - (-36 + -4)) + 10 + 0 - 13
-19
What is the value of ((21 - 25) + 5 - 68) + 10?
-57
87 - 192 - -100 - (36 - (2 + -4))
-43
What is 4 - 74 - (1819 - 1909)?
20
Evaluate -23 - (-3 + 19 + (-14 - -5)).
-30
What is the value of 17 + (5 + (21 - 10) - 33) - 11?
-11
What is the value of 119 + -192 + 15 + 93?
35
-13 - 54 - (51 - 112)
-6
Calculate -19 - ((-81 - 4) + (212 - 190)).
44
What is the value of -15 + 0 + (-37 - 214 - -269)?
3
Evaluate 1 + (-2 - 13) + 70 + 8.
64
Calculate (-9 - 6 - 26) + (5 - 2 - -13).
-25
Evaluate -178 - 1 - (-1532 - -1418).
-65
Calculate (1 - 11 - (-7163 + 7262)) + 12 + -1.
-98
What is the value of -27 + (25 - (-33 + 12)) - 34?
-15
Evaluate -3 + (-14 - -42 - 88 - 31 - (12 + 0)).
-106
What is the value of (12 - -1) + (-31 - 25) - -10?
-33
Calculate (10 - 4) + 49 + -2 + 9 + -19.
43
What is the value of 17 + -14 + (40 + 2 - -2 - 12)?
35
What is (-4 - 8) + (0 - -13) - -17?
18
What is (8 - 31) + (18 - 7) - -11?
-1
Evaluate 4 + (-2 - 79) + 14 + 4 + (1 - 0).
-58
What is the value of 37 + -1 + (-563 - -550) + -42?
-19
78 + -43 + 123 + -189
-31
Calculate -38 + -50 + 44 + 53.
9
-20 + (3 - -4) + 22 + 3
12
Calculate 52 + (44 - 124) + 87.
59
Calculate (8 - -28) + (7 - ((-10 - (-6 - -3)) + 8)).
42
What is (-3 + (-9 - -6) - -4) + -8 + 3 + 47?
40
Evaluate (-1 + 2 - (39 + -27) - -20 - 3) + 9.
15
-35 - -61 - (-4 - -17) - (34 + -3)
-18
Calculate 13 + -2 + -5 + -27 + 24 + -36.
-33
What is (-65 - 241) + 242 + 0 + (0 - 1) + 11?
-54
Evaluate 7 + (35 - 23) + -17.
2
What is the value of -4 + 27 - (-4 - (15 - (6 - -19)))?
17
What is (-18 - 106) + -456 + 544?
-36
(24 + -38 - -7) + -2 + 8
-1
Evaluate 4 - 61 - (-56 - -3).
-4
Evaluate 31 + -10 + -2 - 8.
11
Calculate (-40 - -40) + -24 + 13.
-11
Evaluate 0 + 14 - 3 - 12 - (0 - 0).
-1
What is 0 + (-15 - 6) + 6 + 22?
7
Calculate (-31 - -10) + 41 + -23 - -65.
62
What is 1669 + -1602 - (45 + 3)?
19
22 - (5 + 26 - -56)
-65
What is the value of (0 - -14) + -28 + (46 - (-16 + 30))?
18
-5511 + 5504 - (2 + (-9 - (-1 + 2))) - 36
-35
Calculate -3 + 19 - (-28 + 19 + 145).
-120
6 + -26 - (42 + -55)
-7
What is the value of -4 + -4 - (-56 + 3 - -28) - -4?
21
(-2 - 14 - -1) + (-90 - -24 - -63)
-18
What is -2 + 0 + (-598 - -578 - (0 - 21)) + -15?
-16
What is -24 + 5 - (-29 + 30 + -14)?
-6
What is 4 + -25 - (-44 - -138 - 75)?
-40
(0 - (-12 - -19) - -17 - -64) + -25
49
Evaluate -17 - (-157 - -55) - 174.
-89
Calculate 32 - (-34 + 65) - (-71 + (-2 - -2)).
72
Evaluate -60 + (-5 - (-13 - (-7 + -13)) - -8).
-64
What is the value of (-10 - (14 + -4 + -14)) + -6 - -60?
48
-113 - (61 - 101) - (-2 + -14)
-57
What is the value of (19 - 99) + 73 + (49 - -4)?
46
Calculate -1176 + 1152 - (25 - (3 + 0)).
-46
33 - (64 + -61) - 64
-34
What is 3 + -24 + (4 - 44) + 57?
-4
(4 - 30) + (-9 - (-15 + 17) - -12)
-25
(-232 + 43 - -210) + 35 + -2
54
Calculate (-23 - (-29 - -12)) + -2 + 0.
-8
What is the value of -5 - (-12 + 27 + -10 - (-2 - -1) - 61)?
50
What is the value of 13 + -32 - (-63 - -25)?
19
What is -212 + 260 + -33 + 89 + 0 + (-1 - 2)?
101
What is the value of 8 - (-12 - (1 - (25 + -13))) - -21?
30
27 - (-36 - -27) - 94
-58
What is (-111 - -68) + (3 - (-3 - -12))?
-49
Calculate -11 + -40 - 0 - (0 - 25).
-26
68 - (2 + -5 + 0 + 797 + -791 + 5)
60
3 - (1 + 1 + -3) - (178 + -496 + 323)
-1
Calculate 58 + (96 + -215 - -10).
-51
Evaluate (3 - 5) + (4 + 18 - (23 + -30)).
27
Evaluate (-389 + 399 - (-14 + 0)) + -13 + (-2 - -6).
15
-7 - (44 + (-115 - -110))
-46
(-1 - 23 - -26) + -8 + (-32 - -1)
-37
What is 6 + (-50 - -49 - -45) + -173?
-123
Evaluate -37 - 3 - (-189 - -130).
19
Calculate 2737 + -2783 + 36 + -1 + (-2 - (1 - 71)).
57
What is the value of -69 - -162 - -24 - 5?
112
What is the value of (-55 - 0 - -4) + (-23 - (-29 - -8))?
-53
Calculate 28 - ((3 - -71) + (12 - -6)).
-64
-2 + 2 - 55 - (-127 + -84 + 228)
-72
Evaluate (-42 - -60) + -26 + -1 + 1 - (49 - 2).
-55
What is the value of (271 - 328) + (0 - -22)?
-35
35 + -71 + 132 + (-18 - 1)
77
What is -11 + 70 - (198 - 170)?
31
What is -102 + (-116 - -143 - 40)?
-115
Calculate 55 - -1 - ((55 - 113) + 77).
37
What is 29 - ((2 + -14 - -11) + 0 + 5 + 0)?
25
Evaluate (34 - -3 - 42) + -1 + -65 - -11.
-60
What is the value of -69 + -28 + 65 + 36 - (-8 + 0)?
12
What is the value of (-12 - 0) + 15 + -26 - (-16 + 18)?
-25
What is the value of -38 + (48 - (6 + -19 - -50))?
-27
What is the value of -2 + (-1 - (-7 + (9 - -4))) + (21 - 62)?
-50
What is 3 + 13 + -14 + -9 + -5 + 54?
42
Evaluate (19 - 54 - -54) + 48.
67
(-13088 - -13234) + -2 + -184
-40
Evaluate -11 - (7 + -5) - (-6 + 8 + -22).
7
What is the value of -76 - -137 - (0 + 34)?
27
What is the value of -22 + (0 - 7 - (-271 - -278))?
-36
What is -41 - (-11 + 50 - 67)?
-13
Calculate (2 - -5 - -9 - (-6 + -26 - -34)) + -20.
-6
Evaluate 71 + -2 - (-68 - (-134 + 37)).
40
Calculate 14 - (6 - (-1 - -13 - (-79 + 83))).
16
Calculate (-17 - -16 - 9) + (-42 - -78).
26
Evaluate 112 + (-91 - 22) + (0 - 0) + -1 + -46.
-48
Evaluate (-1 - -8) + -5 - ((0 - -10) + -7).
-1
Calculate (10 - 6 - -11) + 7 - -9.
31
Evaluate (-33 - (-12 - 21)) + -14.
-14
What is 29 - 10 - (26 - (-31 + -23))?
-61
What is 68 - (13 - 37 - (-21 + 11))?
82
-1 + -1 + -1 - (-296 - -291) - -13
15
14 + -53 - -6 - -53
20
Calculate 6 - (8 + 7 - (17 + (1 - 10))).
-1
-26 + 10 - (-161 - -95)
50
0 - (-8 + -32) - (105 + -136)
71
Calculate (-19066 - -19077) + (-2 - -41) + 2.
52
Evaluate (-19 - 6 - ((0 - -15) + -12 + 0)) + -10.
-38
What is the value of -44 + (-10 - 1) + (-15 + -8 - -26)?
-52
Evaluate 40 + -75 + (5 + -2 + 9 - 7).
-30
Evaluate (5 - 4 - 2) + 6 - (7 + -24 - -27).
-5
Evaluate (-17 - (6 + -45)) + -55.
-33
Calculate -112 + 134 + 12 + -117.
-83
What is (20 - (-2 - -33)) + (14 - -93)?
96
Evaluate -50 + 46 - (1 + 5) - -6.
-4
-71 + (-13 - -9 - ((-43 - -41) + 1 + -7))
-67
What is the value of (-51 - (-51 - (53 + -77))) + -120 + 0?
-144
What is the value of -43 - (6 + (19 - 18) - 3)?
-47
1 + -25 - (-133 + 205 - 119)
23
What is -525 - -496 - (0 - 44)?
15
Calculate (